 + 0*u + 18 = 0. Suppose -30 = -4*x + u. Calculate the greatest common factor of x and t.
9
Let g be 12/(-24)*(-5 - -1). Suppose g*h = 35 + 19. Calculate the highest common divisor of h and 18.
9
Suppose -c - 2*z = -36, 4*c - 3*z = 2*c + 79. Suppose 3*a = 194 - c. Calculate the highest common divisor of a and 4.
4
Let u be 13 - (54/(-63))/((-8)/28). What is the greatest common factor of u and 2?
2
Let y be -2*(-5 + 3) - -26. Let m = 5 + -5. Suppose m = -2*t + 13 + 27. Calculate the highest common factor of y and t.
10
Let s(c) = 2*c**2 + 5*c - 6. Let u be s(-5). Suppose -6*k - 100 = -k. Let b = 39 + k. What is the highest common divisor of b and u?
19
Let p(n) = 2*n**2 + 28*n + 16. Let z be p(18). What is the greatest common divisor of z and 16?
16
Let f(t) = 10*t - 159. Let j be f(25). What is the highest common divisor of j and 1456?
91
Let o be ((-18)/(-36) - (-2)/4)*6. What is the greatest common factor of o and 2?
2
Let b = -73 - -121. Let h = -12 - -41. Let k = h + -17. Calculate the highest common divisor of k and b.
12
Let r(w) = -w**2 - 43*w - 323. Let x be r(-33). Suppose 10 = 2*q, 0 = -4*i - 4*q + 271 + 57. Calculate the greatest common factor of i and x.
7
Let p(a) = -11*a + 1. Let h be p(4). Let o = -21 - h. Let w be (10/(-25))/((-1)/5). What is the highest common divisor of o and w?
2
Suppose 0 = 2*w + 6, -3*w - w - 21 = -3*r. Suppose r*p + 48 = 5*y, -3*p - p = -3*y + 31. Calculate the greatest common factor of y and 6.
3
Let t(l) = -l**3 - 24*l**2 - l - 16. Let o be t(-24). Let q be 2/(2 - (-24)/(-13)). Let y = q + -9. What is the greatest common divisor of y and o?
4
Suppose 4*v = -v + 150. Let f = v + -31. Let m be -2*f/(-5)*-60. What is the highest common divisor of m and 16?
8
Let z = 2961 - 2949. Let s = 47 - 23. Calculate the highest common factor of s and z.
12
Let w = -36 - -27. Let j(b) = b**2 - b - 10. Let f be j(w). Suppose 6*p - 55 = -4*m + p, -3*p = 5*m - 59. Calculate the highest common divisor of m and f.
10
Let y(h) = -h + 28. Let d be y(0). Let x = 17 - d. Let u(j) = j**3 + 12*j**2 + 11*j + 12. Let l be u(x). Calculate the highest common factor of l and 96.
12
Suppose 3*k - 3*d = 93, -d + 42 = 5*k - 89. Suppose -4*i + 9 = -k. What is the highest common divisor of i and 9?
9
Suppose 4*f + 4*d + 14 = f, -f + 2 = 3*d. Let p be f/(-15) - 16/(-3). Let w be ((-3)/(-6))/(1/p). What is the highest common divisor of w and 9?
3
Let s = 60 - 50. Let j be (-39)/(-6) - (-5)/s. What is the greatest common factor of j and 7?
7
Let g(c) = 0*c - 2 + 4*c - 4*c**2 + 11*c**2 + 0. Let v be g(-2). Let n be 11*(-12)/(-8)*12. Calculate the highest common divisor of n and v.
18
Suppose 0*d + 2*d = 16. Let g be (3 + 5/(-2))*d. Let o be (-64)/(3/((-12)/g)). What is the highest common factor of 16 and o?
16
Suppose -3 = f + 5. Let i = f - -11. Let l be (70/i)/(4/12). What is the highest common divisor of 10 and l?
10
Suppose -u + 25 = 4*u. What is the greatest common factor of 45 and u?
5
Let b(u) = -3*u**2 + 104*u + 50. Let p be b(35). Calculate the greatest common divisor of p and 2070.
15
Let x(b) = -b**2 + 11*b + 6. Let r = 0 + 0. Suppose -q + 20 - 9 = r. Let n be x(q). What is the greatest common divisor of n and 30?
6
Let d be (-2)/(4/(8 + -4)). Let g be (1/d)/(1/(-26)). Calculate the highest common factor of 65 and g.
13
Suppose -s + 3*s + 25 = 5*u, -2*u + 9 = -s. Suppose -2*t + x = -58 - 38, t - x = 47. Calculate the highest common factor of u and t.
7
Suppose -4*k + 8*k - 6368 = 0. Suppose 0 = 11*n - 1180 - k. Calculate the highest common divisor of 36 and n.
36
Suppose 0 = 3*t + 12, -4*l = 9*t - 7*t - 3692. Calculate the highest common factor of l and 25.
25
Suppose 2*j + 4 = 0, -d + 65 = 4*d + 5*j. Calculate the highest common divisor of d and 5.
5
Let t = -51 - -63. Suppose 240 = -0*c + 5*c + 4*l, -48 = -c + 4*l. What is the greatest common factor of c and t?
12
Suppose -5*g + 10*g + 48 = -4*a, -2*a - 28 = 3*g. Let r be 627/44 - (-2)/g. Calculate the greatest common divisor of 70 and r.
14
Let v be 4370/(-115)*(-8)/2. Let z = 3 - 3. Let s be 1*18 - (-1 - z). Calculate the greatest common factor of s and v.
19
Let p(u) = -4*u + 2. Let v be p(-8). Suppose 5*k - 11 = v. Let g = -32 - -113. What is the highest common factor of g and k?
9
Let f = 746 - 570. Calculate the greatest common divisor of 154 and f.
22
Let r(p) = -34*p + 249. Let a be r(-15). What is the greatest common factor of 46 and a?
23
Let f(h) = 2*h**2 - h - 20. Let q be f(4). Let b = 34 - q. Calculate the highest common factor of 65 and b.
13
Let f(c) = -c + 2. Let v be f(-7). Let n = v + 5. Let k = 18 - n. Calculate the highest common factor of 20 and k.
4
Suppose 4*p + 48 = b - 0*p, -2*b - 2*p = -106. Suppose -200 = -7*m + b. What is the greatest common divisor of 27 and m?
9
Suppose 4*n - 5*o = -12 + 3, -5*n + 45 = 5*o. Suppose -n*m = -58 - 14. Calculate the highest common divisor of 198 and m.
18
Let f be 4/(-8) - (-66)/4. Let y = 6546 - 6490. Calculate the highest common divisor of f and y.
8
Let k = 225 + -155. Calculate the highest common factor of k and 175.
35
Let y(c) = c - 1. Let m(o) = 18*o + 6. Let v(s) = m(s) - 4*y(s). Let z be v(3). Let f be (z/(-12))/((-1)/12). Calculate the greatest common factor of 13 and f.
13
Let q(u) = -u**2 + 10*u + 4. Let r be q(6). Suppose -6*h + 2039 - 2004 = -h. Calculate the highest common factor of r and h.
7
Suppose -38 = 15*j - 16*j - 4*t, 0 = -2*j - 4*t + 88. Calculate the greatest common factor of j and 70.
10
Suppose -2*a + 4*a = 4. Suppose 2*d + a*p = 72, -4*d + 2*p - 7*p = -147. Let j = d + -22. Calculate the greatest common factor of j and 99.
11
Let x(j) = 3*j - 72. Let b be x(41). What is the greatest common divisor of b and 153?
51
Let i(g) be the first derivative of 3*g**3 - 3*g**2/2 + 3*g - 31. Suppose 0 = 4*j - 23 + 7. Let w be i(j). What is the highest common factor of 15 and w?
15
Let n = 133 - 88. Let x(m) = 5*m**2 - 2. Let j be x(-2). Calculate the greatest common factor of n and j.
9
Suppose -s + 4*n = -55, -5*n + 141 = 146. Suppose -2*i - 3*i = -1785. Calculate the highest common factor of i and s.
51
Let m(k) = 3*k**2 - 7*k - 1. Let i be m(5). Calculate the greatest common factor of 273 and i.
39
Let i(t) = 6*t**2 + 12*t + 15. Let x be i(-7). Calculate the highest common divisor of x and 45.
45
Let t = -6 + 9. Let z(i) be the second derivative of 2*i**3/3 - i. Let k be z(t). Calculate the highest common factor of 96 and k.
12
Suppose m + 84 = 4*m. Suppose 0 = 4*b + 4*i - m, 5*i - 4 = 11. What is the greatest common factor of 12 and b?
4
Let z be -26*2/(2*-1). Let b = z - -59. Let q(v) = -25*v - 41. Let s be q(-3). Calculate the greatest common factor of s and b.
17
Let r be 2/(-10) + (-64)/(-20). Let a(w) = 7*w - 5. Let j be a(r). What is the greatest common factor of j and 48?
16
Let b = -30 - -19. Let s = b + 15. Calculate the greatest common factor of 16 and s.
4
Suppose 0 = 6*i - 1120 + 1054. Calculate the highest common divisor of 44 and i.
11
Let c be (3 + -3 - -1)*5. Suppose -c*b = -25, 65 = 4*s + 4*b - 99. Calculate the highest common divisor of s and 9.
9
Let m = -1357 + 1537. Calculate the highest common factor of 72 and m.
36
Let j(u) = -91*u. Let k be j(-1). Suppose 0 = 4*o + 7 - k. Let r = -11 + o. Calculate the highest common divisor of 5 and r.
5
Let m(n) = 7*n**3 - 13*n**2 + 11*n - 17. Let f be m(3). Suppose 0 = 2*v - v - 8. What is the highest common factor of f and v?
8
Let b = 8746 - 3833. What is the greatest common factor of b and 17?
17
Let d(y) = 2*y + 13. Let u be d(0). What is the highest common divisor of u and 91?
13
Let l = 149 - 91. Let n = 81 - l. What is the greatest common divisor of n and 161?
23
Let l be 3 + -2 + (-5 - -71) + 3. What is the highest common divisor of l and 70?
70
Let y be 46/8 - (6 + (-75)/12). Let a be ((-8)/y)/(3/(-18)). Calculate the highest common divisor of a and 2.
2
Suppose -d = 4*s - 5, -4*d + 16 = -4. Let z be (-3 - 0)*(-6)/(-9). Let v be z + 96 - (s - -3). Calculate the highest common factor of v and 13.
13
Let j(q) = -q**3 - 11*q**2 + 9*q - 6. Let r be j(-12). Let z be (10*3)/((-1)/(-5)). What is the highest common divisor of z and r?
30
Let g be -62*-1*(-3)/(-6). Let m = g + -27. Calculate the highest common factor of m and 24.
4
Let 